ime factors of a(5).
2, 811
Let u(y) = -9*y - 48. What are the prime factors of u(-16)?
2, 3
Let l(h) = 4*h**2 - 44*h - 33. What are the prime factors of l(14)?
3, 5
Let q = 96 - 167. Let h = 218 + q. List the prime factors of h.
3, 7
Let h = -159 + 1033. List the prime factors of h.
2, 19, 23
Let r(v) = -8*v**2 - v. Let u be r(-1). Let n(x) = -13*x + 5. Let f be n(u). Suppose 3*a - f + 14 = 5*z, z + 57 = 2*a. List the prime factors of a.
29
Let u = 123 - -97. What are the prime factors of u?
2, 5, 11
Let h be 5/4 - (-55614)/(-248). Let v be (53/(-2))/((-2)/(-12)). Let b = v - h. What are the prime factors of b?
2
Suppose 3468 = -39*c + 41*c. What are the prime factors of c?
2, 3, 17
Let u = -34 - -84. What are the prime factors of u?
2, 5
Suppose 0 = 4*m - 261 - 1747. Suppose 2*x + 4*o = 2*o + m, 0 = 2*o. What are the prime factors of x?
251
Let g(o) = -o**2 - 4*o - 3. Let z be g(-3). Let h be 133 + -1 + 4 + 0. Suppose y - 18 - 6 = 3*w, z = 5*y + w - h. What are the prime factors of y?
3
Suppose -45*v = -46*v. Suppose v = 2*k + 5*f - 138, 3*k - 3*f = 7*k - 304. Suppose -4*p + 9 + k = 0. List the prime factors of p.
2, 11
Let a(b) = b - 2. Let y be a(0). Let k = 9 + y. Let d = k + 22. List the prime factors of d.
29
Let p be (-3 + (-42)/(-9))*-3. Let f be 8/10*p/(-2). Let q(k) = 3*k**3. List the prime factors of q(f).
2, 3
Let q be 1 - 1 - (-1364)/11. Suppose q = -y + 5*y. List the prime factors of y.
31
Suppose -4*r = -2*x - 178, 3*x = -r + 24 + 10. What are the prime factors of r?
43
Let n(l) = 4838*l**2 - 70*l - 72. List the prime factors of n(-1).
2, 3, 13, 31
What are the prime factors of (-15764)/42*(0 - 3)?
2, 563
Suppose 4*w - 3*w = 7. Let p(r) = -2*r + 10. Let m be p(w). List the prime factors of (m/5)/((-4)/170).
2, 17
Let s be 1 - -61*(3 + -5). Let j = -80 - s. List the prime factors of j.
41
Suppose 27 = -8*f + 9*f. Let b = f + 59. List the prime factors of b.
2, 43
Let d be ((-264)/7)/((-2)/14). Let f = d + -157. What are the prime factors of f?
107
Let o(h) = 4*h + 10. Suppose 2*p + 3*p = -m + 45, -5*p + 2*m + 45 = 0. What are the prime factors of o(p)?
2, 23
Suppose 5*t = -3*p - 193, 0 = -3*p + t - 4*t - 183. Let b = p - -105. What are the prime factors of b?
7
Suppose 129 = -5*y - 4*c + 1038, 3*c = y - 178. List the prime factors of y.
181
Let j be (2/(-6))/((-3)/18). Suppose 108 = j*y - 2*o, -y = 3*y - 5*o - 213. Suppose 163 = 5*g - y. What are the prime factors of g?
2, 11
List the prime factors of (-2 - 24/(-10)) + 6356/10.
2, 3, 53
Suppose 2*f = -5*d + 45 - 3, -2*d = 5*f. Suppose -580 = d*i - 15*i. List the prime factors of i.
2, 29
Let n(l) = 4*l**2 - 15*l + 7. What are the prime factors of n(11)?
2, 163
Let y(f) be the second derivative of f**6/180 + f**5/40 + f**3 + 11*f. Let u(w) be the second derivative of y(w). List the prime factors of u(-6).
2, 3
Suppose 0 = 4*k - 4 - 8, 570 = y + k. What are the prime factors of y?
3, 7
Let a(n) = 678*n - 41. List the prime factors of a(6).
4027
Suppose -8*x = -1459 - 229. What are the prime factors of x?
211
Suppose -6*i + 33 + 3 = 0. Let h(m) = 10*m - 5*m + 1 + 18 - i*m. List the prime factors of h(0).
19
Suppose 37*u - 360 = 34*u. List the prime factors of u.
2, 3, 5
Let r(k) be the third derivative of k**4/6 - 4*k**3/3 - 2*k**2. Let c be (-18 + (-6)/3)*(-1)/2. List the prime factors of r(c).
2
What are the prime factors of -5 + -678*4/(-4)?
673
What are the prime factors of 8 + 88/(-8) + 4910 - 2?
3, 5, 109
Let s(r) = -r**2 + 28*r - 44. List the prime factors of s(13).
151
Let m = 3769 - 497. List the prime factors of m.
2, 409
Suppose 0 = 17*c + 41*c - 24070. List the prime factors of c.
5, 83
Let f(u) = -u**3 + 35*u**2 + 55*u + 18. List the prime factors of f(36).
2, 3, 13
Suppose -858 = -7*n + 4*n. Let g = -153 + n. What are the prime factors of g?
7, 19
Suppose 2*z + 4*b - 2*b - 64 = 0, 20 = -5*b. Suppose 2*s + 285 = 7*s. Let h = s - z. List the prime factors of h.
3, 7
Let m = 695 + -465. List the prime factors of m.
2, 5, 23
Suppose -5*q = -3*h + 4*h - 138, -5*h + 15 = 0. Let p = -27 + q. Suppose -y + 47 = -p*x + x, -2*y = -3*x - 99. List the prime factors of y.
2, 3
Suppose -40*o + 53847 + 16193 = 0. What are the prime factors of o?
17, 103
Let f be (-1)/(-1) + (7 - 79). Let w = f + 112. List the prime factors of w.
41
Suppose 0 = 4*a - 5*x - 27, 5*a - 2*x - 43 = -5*x. Suppose -4*i - a*j + 108 = -4*j, 0 = 4*i - 3*j - 143. List the prime factors of i.
2
Suppose 19 = -2*o - 2*y + y, -y + 51 = -5*o. List the prime factors of (-6)/o - 1161/(-15).
2, 3, 13
Let p(q) = q - 13. Let g be p(7). List the prime factors of (-4)/(-10) - g/(-20)*-152.
2, 23
Let y(m) = -m**3 + m**2 + m + 16. Let o be y(0). Let w be 32/(-20) - 2/5. List the prime factors of w/8 - (-276)/o.
17
Let k be (-4 - -1)/(1/29). What are the prime factors of 3 - (2 + k)*1/1?
2, 11
Let t be ((-1)/(-2))/((-6)/36). List the prime factors of (-115)/t - (-4)/6.
3, 13
Let k = 1005 + 177. What are the prime factors of k?
2, 3, 197
Let l = -27 - -54. Let m = 24 + l. What are the prime factors of m?
3, 17
Suppose -2*m + 129 = m. Let c = -29 + m. What are the prime factors of c?
2, 7
Let c = 78 - 75. Suppose 0 = -c*m - 12 + 204. List the prime factors of m.
2
Suppose 0 = 4*p - 7*p - 69. Let k = p + 37. List the prime factors of k.
2, 7
Let k be 3/1*18/27. Suppose -4*n - 3*b + 4*b + 172 = 0, k*b - 140 = -3*n. What are the prime factors of n?
2, 11
Let t = 3822 - 1732. What are the prime factors of t?
2, 5, 11, 19
Suppose 171*n - 187*n + 42288 = 0. List the prime factors of n.
3, 881
Suppose 2*k - 9 = -1. Suppose k*i - 23 = -19. List the prime factors of 2*-2*(i + -9).
2
Suppose 3*m - g = 5*m - 23, -m + 4*g = 11. Let h(b) = 6*b - 25. What are the prime factors of h(m)?
29
Let o be 113*((-5)/(15/(-9)) + -2). Let l = -42 + o. List the prime factors of l.
71
Let s(o) = -7*o**3 - 3*o**2 + 4. Let j = 4 - 6. List the prime factors of s(j).
2, 3
Suppose 9*t - 11*t + 66 = 0. List the prime factors of t.
3, 11
Let m be 0 + (4 - 3) + -1. Suppose m = z - 11 + 9. Suppose -4*p + 152 = z*c, c = -p + 79 + 1. List the prime factors of c.
2, 3, 7
Let d(y) = -y + 12. Let c be d(10). Suppose 96 = 6*u - u - 3*b, c*u = -2*b + 32. Let t = -4 + u. What are the prime factors of t?
2, 7
Let f(p) = -2*p**2 - 7*p + 11. Let j be f(-5). What are the prime factors of (j - 65/(-15))*471*1?
157
Suppose 4 = -3*c + 1. Let a(d) = -27*d**3 - 2*d**2 - 3*d - 2. Let b be a(c). Let u = b - 15. What are the prime factors of u?
11
Let b = -179 + 739. List the prime factors of b.
2, 5, 7
Suppose -12*a - 32384 = -35*a. What are the prime factors of a?
2, 11
Let t = 603 - 167. List the prime factors of t.
2, 109
Suppose -u = 2*n - 1, -4*n - 3 = 2*u + u. Suppose s = -n*s. Suppose 3*t + t - 52 = s. What are the prime factors of t?
13
Let x be 2/2*(-5 - (0 - 181)). Suppose t + 86 = l - x, 782 = 3*l - t. List the prime factors of l.
2, 5, 13
Let b(z) = z**3 - 10*z**2 - 13*z - 20. What are the prime factors of b(13)?
2, 3, 53
Suppose 9*h = -16*h + 14150. List the prime factors of h.
2, 283
Let w = -4 + 7. Let x(f) = 2*f**2 - 3*f - f**w - 12 + 6*f**2 + 6*f. List the prime factors of x(8).
2, 3
Let s(d) = 290*d**2 + d + 4. What are the prime factors of s(2)?
2, 11, 53
Suppose 2*k + 4*j + 20 = 0, 5*k + 56 = -6*j + 2*j. Let v(h) be the first derivative of -h**3/3 - 7*h**2 - 5*h + 1. List the prime factors of v(k).
19
Let y(u) = u - 3. Let w be y(0). Let p be 1/(w/(-21)) - 2. Suppose -3*l + p*l = 52. What are the prime factors of l?
2, 13
Let g = 1824 + -1114. What are the prime factors of g?
2, 5, 71
Suppose 4*c + 11*c = 6795. List the prime factors of c.
3, 151
Let n = -140 + 240. Suppose -556 = -4*t - n. List the prime factors of t.
2, 3, 19
Let m = -26 - -22. Let w be (-2)/m*(5 - -5). Suppose 6*g - g = l - 55, -w*g + 395 = 5*l. List the prime factors of l.
3, 5
Suppose -r = -4*b + 36, -3*b + 2*b - 212 = 4*r. Let x = 309 + r. List the prime factors of x.
257
What are the prime factors of (409/2)/(85/(-102) + 1)?
3, 409
Let l(y) = y + 8. Let k be l(-6). Suppose -d = k*d. Suppose 2*w + 4*o - 30 = d, 3*o - o = -4*w + 54. What are the prime factors of w?
13
Suppose -w + 3*n = -1220, 44*n - 49*n = -2*w + 2439. What are the prime factors of w?
1217
Suppose -v = -5*y + 3, y - 3*